{"id":87,"date":"2020-05-30T03:47:46","date_gmt":"2020-05-30T03:47:46","guid":{"rendered":"http:\/\/digicop.designervily.com\/demo1\/?page_id=12661"},"modified":"2025-08-12T20:28:16","modified_gmt":"2025-08-12T20:28:16","slug":"quienes-somos","status":"publish","type":"page","link":"https:\/\/inkaferro.com.pe\/test\/quienes-somos\/","title":{"rendered":"Qui\u00e9nes Somos"},"content":{"rendered":"\t\t<div data-elementor-type=\"wp-page\" data-elementor-id=\"87\" class=\"elementor elementor-87\" data-elementor-post-type=\"page\">\n\t\t\t\t\t\t<div class=\"elementor-section elementor-top-section elementor-element elementor-element-f04eaea dsvy-bg-color-yes dsvy-elementor-bg-color-light elementor-section-stretched dsvy-icon-box-hover-effect dsvy-col-stretched-none dsvy-bg-color-over-image elementor-section-boxed elementor-section-height-default elementor-section-height-default\" data-id=\"f04eaea\" data-element_type=\"section\" data-settings=\"{&quot;stretch_section&quot;:&quot;section-stretched&quot;}\">\n\t\t\t\t\t\t<div class=\"elementor-container elementor-column-gap-no\">\n\t\t\t\t\t<div class=\"elementor-column elementor-col-100 elementor-top-column elementor-element elementor-element-c1c4bbf dsvy-bg-color-over-image\" data-id=\"c1c4bbf\" data-element_type=\"column\">\n\t\t\t<div class=\"elementor-widget-wrap elementor-element-populated\">\n\t\t\t\t\t\t<section class=\"elementor-section elementor-inner-section elementor-element elementor-element-92b0eb4 dsvy-col-stretched-none dsvy-bg-color-over-image elementor-section-boxed elementor-section-height-default elementor-section-height-default\" data-id=\"92b0eb4\" data-element_type=\"section\">\n\t\t\t\t\t\t<div class=\"elementor-container elementor-column-gap-no\">\n\t\t\t\t\t<div class=\"elementor-column elementor-col-50 elementor-inner-column elementor-element elementor-element-c604812 dsvy-bg-color-over-image\" data-id=\"c604812\" data-element_type=\"column\">\n\t\t\t<div class=\"elementor-widget-wrap elementor-element-populated\">\n\t\t\t\t\t\t<div class=\"elementor-element elementor-element-d7fbcf0 dsvy-align-left elementor-widget elementor-widget-dsvy_heading\" data-id=\"d7fbcf0\" data-element_type=\"widget\" data-widget_type=\"dsvy_heading.default\">\n\t\t\t\t<div class=\"elementor-widget-container\">\n\t\t\t\t\t\t<div class=\"dsvy-heading-subheading left-align dsvy-reverse-heading-yes\"><h4 class=\"dsvy-element-subtitle\"><span>\r\n\t\t\t<\/span>\r\n\t\t\t\r\n\t\t\t\tSOLUCIONES EN ACERO\r\n\t\t\t\r\n\t\t\t<\/h4>\r\n\t\t<h2 class=\"dsvy-element-title\">\r\n\t\t\t\r\n\t\t\t\tInkaferro\r\n\t\t\t\r\n\t\t\t<\/h2>\r\n\t\t<\/div>\t\t\t\t<\/div>\n\t\t\t\t<\/div>\n\t\t\t\t<div class=\"elementor-element elementor-element-697c433 dce_masking-none elementor-widget elementor-widget-image\" data-id=\"697c433\" data-element_type=\"widget\" data-widget_type=\"image.default\">\n\t\t\t\t<div class=\"elementor-widget-container\">\n\t\t\t\t\t\t\t\t\t\t\t\t\t\t\t<img fetchpriority=\"high\" decoding=\"async\" width=\"847\" height=\"565\" src=\"https:\/\/inkaferro.com.pe\/test\/wp-content\/uploads\/2025\/08\/inkaferro-banner-nosotros.png\" class=\"attachment-large size-large wp-image-1763\" alt=\"\" srcset=\"https:\/\/inkaferro.com.pe\/test\/wp-content\/uploads\/2025\/08\/inkaferro-banner-nosotros.png 1024w, https:\/\/inkaferro.com.pe\/test\/wp-content\/uploads\/2025\/08\/inkaferro-banner-nosotros-300x200.png 300w, https:\/\/inkaferro.com.pe\/test\/wp-content\/uploads\/2025\/08\/inkaferro-banner-nosotros-768x512.png 768w, https:\/\/inkaferro.com.pe\/test\/wp-content\/uploads\/2025\/08\/inkaferro-banner-nosotros-770x514.png 770w\" sizes=\"(max-width: 847px) 100vw, 847px\" \/>\t\t\t\t\t\t\t\t\t\t\t\t\t\t\t<\/div>\n\t\t\t\t<\/div>\n\t\t\t\t\t<\/div>\n\t\t<\/div>\n\t\t\t\t<div class=\"elementor-column elementor-col-50 elementor-inner-column elementor-element elementor-element-ee3d01a dsvy-bg-color-yes dsvy-elementor-bg-color-light dsvy-bg-color-over-image\" data-id=\"ee3d01a\" data-element_type=\"column\">\n\t\t\t<div class=\"elementor-widget-wrap elementor-element-populated\">\n\t\t\t\t\t\t<div class=\"elementor-element elementor-element-037f060 elementor-widget elementor-widget-text-editor\" data-id=\"037f060\" data-element_type=\"widget\" data-widget_type=\"text-editor.default\">\n\t\t\t\t<div class=\"elementor-widget-container\">\n\t\t\t\t\t\t\t\t\t<p>Desde 2008, Inkaferro Per\u00fa S.A.C. brinda soluciones de acero para la construcci\u00f3n civil, trabajando junto a las m\u00e1s grandes constructoras y las m\u00e1s importantes distribuidoras en el Per\u00fa. Somos parte del grupo Monterrey (Bolivia), comercializamos productos de acero de la m\u00e1s alta calidad (ArcelorMittal) guiados por una filosof\u00eda mundial para producir acero seguro y sostenible. Llevamos soluciones garantizadas a Bolivia y Per\u00fa.<\/p>\t\t\t\t\t\t\t\t<\/div>\n\t\t\t\t<\/div>\n\t\t\t\t\t<\/div>\n\t\t<\/div>\n\t\t\t\t\t<\/div>\n\t\t<\/section>\n\t\t\t\t\t<\/div>\n\t\t<\/div>\n\t\t\t\t\t<\/div>\n\t\t<\/div>\n\t\t\t\t<section class=\"elementor-section elementor-top-section elementor-element elementor-element-ac9bb30 dsvy-bg-color-yes dsvy-elementor-bg-color-globalcolor elementor-section-stretched dsvy-text-color-white dsvy-col-stretched-none dsvy-bg-color-over-image elementor-section-boxed elementor-section-height-default elementor-section-height-default\" data-id=\"ac9bb30\" data-element_type=\"section\" data-settings=\"{&quot;stretch_section&quot;:&quot;section-stretched&quot;}\">\n\t\t\t\t\t\t<div class=\"elementor-container elementor-column-gap-no\">\n\t\t\t\t\t<div class=\"elementor-column elementor-col-33 elementor-top-column elementor-element elementor-element-f10993f dsvy-bg-color-over-image\" data-id=\"f10993f\" data-element_type=\"column\">\n\t\t\t<div class=\"elementor-widget-wrap elementor-element-populated\">\n\t\t\t\t\t\t<div class=\"elementor-element elementor-element-427c3e3 elementor-widget elementor-widget-dsvy_fid_element\" data-id=\"427c3e3\" data-element_type=\"widget\" data-widget_type=\"dsvy_fid_element.default\">\n\t\t\t\t<div class=\"elementor-widget-container\">\n\t\t\t\t\t<div class=\"designervily-ele designervily-ele-fid designervily-ele-fid-style-9 \"><div class=\"dsvy-fld-contents\">\r\n\t<div class=\"dsvy-circle-outer\" data-id=\"200\" data-digit=\"400\" data-fill=\"#fff\" data-emptyfill=\"#fb9858\" data-before=\"&lt;sup&gt;+&lt;\/sup&gt;\" data-after=\"\" data-thickness=\"5\">\r\n\t\t\t<div class=\"dsvy-circle\">\r\n\t\t\t\t<h4 class=\"dsvy-fid-inner\">\r\n\t\t\t\t<sup>+<\/sup>\t\t\t\t<span class=\"dsvy-number-rotate\" data-appear-animation=\"animateDigits\" data-from=\"0\" data-to=\"400\" data-interval=\"20\" data-before=\"\" data-before-style=\"\" data-after=\"\" data-after-style=\"\">\r\n\t\t\t\t\t400<\/span><span class=\"dsvy-fid-sub\"><\/span>\r\n\t\t\t<\/h4>\t\t\t\r\n\t\t\t<\/div>\t\t\t\r\n\t\t\t<div class=\"dsvy-circle-inner\">\r\n\t\t\t\t<h3 class=\"dsvy-fid-title\"><span>Mil Toneladas<\/span> vendidas<\/h3>\r\n\t\t\t\t<div class=\"dsvy-heading-desc\">En diferentes provincias del pa\u00eds.<\/div>\t\t\t<\/div>\r\n\t<\/div>\r\n<\/div><!-- .dsvy-fld-contents -->\r\n<\/div>\t\t\t\t<\/div>\n\t\t\t\t<\/div>\n\t\t\t\t\t<\/div>\n\t\t<\/div>\n\t\t\t\t<div class=\"elementor-column elementor-col-33 elementor-top-column elementor-element elementor-element-cd2ef2f dsvy-bg-color-over-image\" data-id=\"cd2ef2f\" data-element_type=\"column\">\n\t\t\t<div class=\"elementor-widget-wrap elementor-element-populated\">\n\t\t\t\t\t\t<div class=\"elementor-element elementor-element-751b75f elementor-widget elementor-widget-dsvy_fid_element\" data-id=\"751b75f\" data-element_type=\"widget\" data-widget_type=\"dsvy_fid_element.default\">\n\t\t\t\t<div class=\"elementor-widget-container\">\n\t\t\t\t\t<div class=\"designervily-ele designervily-ele-fid designervily-ele-fid-style-9 \"><div class=\"dsvy-fld-contents\">\r\n\t<div class=\"dsvy-circle-outer\" data-id=\"200\" data-digit=\"1000\" data-fill=\"#fff\" data-emptyfill=\"#fb9858\" data-before=\"&lt;sup&gt;+&lt;\/sup&gt;\" data-after=\"\" data-thickness=\"5\">\r\n\t\t\t<div class=\"dsvy-circle\">\r\n\t\t\t\t<h4 class=\"dsvy-fid-inner\">\r\n\t\t\t\t<sup>+<\/sup>\t\t\t\t<span class=\"dsvy-number-rotate\" data-appear-animation=\"animateDigits\" data-from=\"0\" data-to=\"1000\" data-interval=\"5\" data-before=\"\" data-before-style=\"\" data-after=\"\" data-after-style=\"\">\r\n\t\t\t\t\t1000<\/span><span class=\"dsvy-fid-sub\"><\/span>\r\n\t\t\t<\/h4>\t\t\t\r\n\t\t\t<\/div>\t\t\t\r\n\t\t\t<div class=\"dsvy-circle-inner\">\r\n\t\t\t\t<h3 class=\"dsvy-fid-title\"><span>Clientes<\/span> atendidos<\/h3>\r\n\t\t\t\t<div class=\"dsvy-heading-desc\">Llevaron los mejores productos de acero<\/div>\t\t\t<\/div>\r\n\t<\/div>\r\n<\/div><!-- .dsvy-fld-contents -->\r\n<\/div>\t\t\t\t<\/div>\n\t\t\t\t<\/div>\n\t\t\t\t\t<\/div>\n\t\t<\/div>\n\t\t\t\t<div class=\"elementor-column elementor-col-33 elementor-top-column elementor-element elementor-element-8923ce6 dsvy-bg-color-over-image\" data-id=\"8923ce6\" data-element_type=\"column\">\n\t\t\t<div class=\"elementor-widget-wrap elementor-element-populated\">\n\t\t\t\t\t\t<div class=\"elementor-element elementor-element-3cc47d8 elementor-widget elementor-widget-dsvy_fid_element\" data-id=\"3cc47d8\" data-element_type=\"widget\" data-widget_type=\"dsvy_fid_element.default\">\n\t\t\t\t<div class=\"elementor-widget-container\">\n\t\t\t\t\t<div class=\"designervily-ele designervily-ele-fid designervily-ele-fid-style-9 \"><div class=\"dsvy-fld-contents\">\r\n\t<div class=\"dsvy-circle-outer\" data-id=\"200\" data-digit=\"16\" data-fill=\"#fff\" data-emptyfill=\"#fb9858\" data-before=\"\" data-after=\"\" data-thickness=\"5\">\r\n\t\t\t<div class=\"dsvy-circle\">\r\n\t\t\t\t<h4 class=\"dsvy-fid-inner\">\r\n\t\t\t\t\t\t\t\t<span class=\"dsvy-number-rotate\" data-appear-animation=\"animateDigits\" data-from=\"0\" data-to=\"16\" data-interval=\"5\" data-before=\"\" data-before-style=\"\" data-after=\"\" data-after-style=\"\">\r\n\t\t\t\t\t16<\/span><span class=\"dsvy-fid-sub\"><\/span>\r\n\t\t\t<\/h4>\t\t\t\r\n\t\t\t<\/div>\t\t\t\r\n\t\t\t<div class=\"dsvy-circle-inner\">\r\n\t\t\t\t<h3 class=\"dsvy-fid-title\"><span>A\u00f1os<\/span> Experiencia<\/h3>\r\n\t\t\t\t<div class=\"dsvy-heading-desc\">Productos de acero de mayor calidad<\/div>\t\t\t<\/div>\r\n\t<\/div>\r\n<\/div><!-- .dsvy-fld-contents -->\r\n<\/div>\t\t\t\t<\/div>\n\t\t\t\t<\/div>\n\t\t\t\t\t<\/div>\n\t\t<\/div>\n\t\t\t\t\t<\/div>\n\t\t<\/section>\n\t\t\t\t<div class=\"elementor-section elementor-top-section elementor-element elementor-element-185161c dsvy-bg-color-yes dsvy-elementor-bg-color-white elementor-section-stretched dsvy-icon-box-hover-effect dsvy-col-stretched-none dsvy-bg-color-over-image elementor-section-boxed elementor-section-height-default elementor-section-height-default\" data-id=\"185161c\" data-element_type=\"section\" data-settings=\"{&quot;stretch_section&quot;:&quot;section-stretched&quot;}\">\n\t\t\t\t\t\t<div class=\"elementor-container elementor-column-gap-no\">\n\t\t\t\t\t<div class=\"elementor-column elementor-col-100 elementor-top-column elementor-element elementor-element-5e1be45 dsvy-bg-color-over-image\" data-id=\"5e1be45\" data-element_type=\"column\">\n\t\t\t<div class=\"elementor-widget-wrap elementor-element-populated\">\n\t\t\t\t\t\t<section class=\"elementor-section elementor-inner-section elementor-element elementor-element-8fde639 dsvy-col-stretched-none dsvy-bg-color-over-image elementor-section-boxed elementor-section-height-default elementor-section-height-default\" data-id=\"8fde639\" data-element_type=\"section\">\n\t\t\t\t\t\t<div class=\"elementor-container elementor-column-gap-no\">\n\t\t\t\t\t<div class=\"elementor-column elementor-col-50 elementor-inner-column elementor-element elementor-element-a7a370e dsvy-bg-color-over-image\" data-id=\"a7a370e\" data-element_type=\"column\">\n\t\t\t<div class=\"elementor-widget-wrap elementor-element-populated\">\n\t\t\t\t\t\t<div class=\"elementor-element elementor-element-ece2a98 dsvy-align-left elementor-widget elementor-widget-dsvy_heading\" data-id=\"ece2a98\" data-element_type=\"widget\" data-widget_type=\"dsvy_heading.default\">\n\t\t\t\t<div class=\"elementor-widget-container\">\n\t\t\t\t\t\t<div class=\"dsvy-heading-subheading left-align dsvy-reverse-heading-yes\"><h4 class=\"dsvy-element-subtitle\"><span>\r\n\t\t\t<\/span>\r\n\t\t\t\r\n\t\t\t\tEmpresa L\u00edder en Aceros\r\n\t\t\t\r\n\t\t\t<\/h4>\r\n\t\t<h2 class=\"dsvy-element-title\">\r\n\t\t\t\r\n\t\t\t\tAseguramos la calidad con nuestros aceros\r\n\t\t\t\r\n\t\t\t<\/h2>\r\n\t\t<\/div>\t\t\t\t<\/div>\n\t\t\t\t<\/div>\n\t\t\t\t<div class=\"elementor-element elementor-element-facf3cb dce_masking-none elementor-widget elementor-widget-image\" data-id=\"facf3cb\" data-element_type=\"widget\" data-widget_type=\"image.default\">\n\t\t\t\t<div class=\"elementor-widget-container\">\n\t\t\t\t\t\t\t\t\t\t\t\t\t\t\t<img decoding=\"async\" width=\"650\" height=\"650\" src=\"https:\/\/inkaferro.com.pe\/test\/wp-content\/uploads\/2025\/04\/VALORES.jpg\" class=\"attachment-full size-full wp-image-262\" alt=\"\" srcset=\"https:\/\/inkaferro.com.pe\/test\/wp-content\/uploads\/2025\/04\/VALORES.jpg 650w, https:\/\/inkaferro.com.pe\/test\/wp-content\/uploads\/2025\/04\/VALORES-300x300.jpg 300w, https:\/\/inkaferro.com.pe\/test\/wp-content\/uploads\/2025\/04\/VALORES-150x150.jpg 150w\" sizes=\"(max-width: 650px) 100vw, 650px\" \/>\t\t\t\t\t\t\t\t\t\t\t\t\t\t\t<\/div>\n\t\t\t\t<\/div>\n\t\t\t\t\t<\/div>\n\t\t<\/div>\n\t\t\t\t<div class=\"elementor-column elementor-col-50 elementor-inner-column elementor-element elementor-element-67ce615 dsvy-bg-color-over-image\" data-id=\"67ce615\" data-element_type=\"column\">\n\t\t\t<div class=\"elementor-widget-wrap elementor-element-populated\">\n\t\t\t\t\t\t<div class=\"elementor-element elementor-element-3d01966 elementor-widget elementor-widget-dsvy_multiple_icon_heading\" data-id=\"3d01966\" data-element_type=\"widget\" data-widget_type=\"dsvy_multiple_icon_heading.default\">\n\t\t\t\t<div class=\"elementor-widget-container\">\n\t\t\t\t\t<div class=\"designervily-element designervily-element-miconheading dsvy-element-miconheading-style-14 designervily-element-viewtype-row-column dsvy-infinite-scroll-no dsvy-infinite-scroll-button-no\" data-cpt=\"miconheading\" data-totalpagination=\"1\" data-style=\"14\" data-show=\"3\" data-columns=\"1\" data-loop=\"false\" data-autoplay=\"false\" data-center=\"false\" data-nav=\"false\" data-dots=\"false\" data-autoplayspeed=\"1000\" data-margin=\"\"><div class=\"designervily-element-inner\">\r\n\t\t<div class=\"dsvy-ele-header-area\">\r\n\t\t\t\t<div class=\"dsvy-heading-subheading -align \"><\/div>\t\t<\/div>\r\n\r\n\t\t<div class=\"dsvy-element-posts-wrapper row multi-columns-row\">\r\n\r\n\t\t<article class=\"dsvy-ele dsvy-ele-miconheading dsvy-miconheading-style-14 col-md-12   \"><div class=\"dsvy-ihbox dsvy-ihbox-style-14\"><div class=\"dsvy-ihbox-box\">\r\n\t<div class=\"dsvy-ihbox-overlay\"><\/div>\r\n\t<div class=\"dsvy-ihbox-headingicon\">\r\n\t\t\t\t<div class=\"dsvy-ihbox-contents\">\r\n\t\t\t<h2 class=\"dsvy-element-title\">\r\n\t\t\t\t\t\t\t\r\n\t\t\t\t\t\t\t\t<div style=\"color:#b12627\">Misi\u00f3n<\/div>\r\n\t\t\t\t\t\t\t\r\n\t\t\t\t\t\t\t<\/h2>\r\n\t\t\t\t\t\t\t\t\t\t\t\t<div class=\"dsvy-heading-desc\"><div style=\"color:#3d3d3d;text-align:justify\">Realizar la Comercializaci\u00f3n y el Servicio de Corte y Doblado de aceros para el Sector de Construcci\u00f3n Civil, con los m\u00e1s altos est\u00e1ndares de calidad, facilitando a nuestros clientes, la log\u00edstica para contribuir al \u00e9xito de sus proyectos y al desarrollo de sus operaciones, estableciendo relaciones de largo plazo que permitan el crecimiento continuo de nuestra empresa.<\/div><\/div>\t\t\t\t\t<\/div><!-- .dsvy-ihbox-contents -->\r\n\t<\/div>\r\n<\/div>\r\n<\/div><\/article><article class=\"dsvy-ele dsvy-ele-miconheading dsvy-miconheading-style-14 col-md-12   \"><div class=\"dsvy-ihbox dsvy-ihbox-style-14\"><div class=\"dsvy-ihbox-box\">\r\n\t<div class=\"dsvy-ihbox-overlay\"><\/div>\r\n\t<div class=\"dsvy-ihbox-headingicon\">\r\n\t\t\t\t<div class=\"dsvy-ihbox-contents\">\r\n\t\t\t<h2 class=\"dsvy-element-title\">\r\n\t\t\t\t\t\t\t\r\n\t\t\t\t\t\t\t\t<div style=\"color:#b12627\">Visi\u00f3n<\/div>\r\n\t\t\t\t\t\t\t\r\n\t\t\t\t\t\t\t<\/h2>\r\n\t\t\t\t\t\t\t\t\t\t\t\t<div class=\"dsvy-heading-desc\"><div style=\"color:#3d3d3d;text-align:justify\">Tener una participaci\u00f3n importante en el mercado Peruano, a trav\u00e9s de nuestro servicio especializado y de nuestros productos de calidad.<\/div><\/div>\t\t\t\t\t<\/div><!-- .dsvy-ihbox-contents -->\r\n\t<\/div>\r\n<\/div>\r\n<\/div><\/article>\r\n\t\t<\/div>\r\n\r\n\t\t<\/div><!-- .designervily-element-inner -->   <\/div><!-- .designervily-element -->  \t\t\t\t<\/div>\n\t\t\t\t<\/div>\n\t\t\t\t\t<\/div>\n\t\t<\/div>\n\t\t\t\t\t<\/div>\n\t\t<\/section>\n\t\t\t\t\t<\/div>\n\t\t<\/div>\n\t\t\t\t\t<\/div>\n\t\t<\/div>\n\t\t\t\t<div class=\"elementor-section elementor-top-section elementor-element elementor-element-455cb53 dsvy-bg-color-yes dsvy-elementor-bg-color-white elementor-section-stretched dsvy-icon-box-hover-effect dsvy-col-stretched-none dsvy-bg-color-over-image elementor-section-boxed elementor-section-height-default elementor-section-height-default\" data-id=\"455cb53\" data-element_type=\"section\" data-settings=\"{&quot;stretch_section&quot;:&quot;section-stretched&quot;}\">\n\t\t\t\t\t\t<div class=\"elementor-container elementor-column-gap-no\">\n\t\t\t\t\t<div class=\"elementor-column elementor-col-100 elementor-top-column elementor-element elementor-element-56a4583 dsvy-bg-color-over-image\" data-id=\"56a4583\" data-element_type=\"column\">\n\t\t\t<div class=\"elementor-widget-wrap elementor-element-populated\">\n\t\t\t\t\t\t<div class=\"elementor-element elementor-element-7e469f7 dsvy-align-left elementor-widget elementor-widget-dsvy_heading\" data-id=\"7e469f7\" data-element_type=\"widget\" data-widget_type=\"dsvy_heading.default\">\n\t\t\t\t<div class=\"elementor-widget-container\">\n\t\t\t\t\t\t<div class=\"dsvy-heading-subheading left-align dsvy-reverse-heading-yes\"><h2 class=\"dsvy-element-title\">\r\n\t\t\t\r\n\t\t\t\tVALORES\r\n\t\t\t\r\n\t\t\t<\/h2>\r\n\t\t<\/div>\t\t\t\t<\/div>\n\t\t\t\t<\/div>\n\t\t\t\t<div class=\"elementor-element elementor-element-96acf26 elementor-widget elementor-widget-dsvy_multiple_icon_heading\" data-id=\"96acf26\" data-element_type=\"widget\" data-widget_type=\"dsvy_multiple_icon_heading.default\">\n\t\t\t\t<div class=\"elementor-widget-container\">\n\t\t\t\t\t<div class=\"designervily-element designervily-element-miconheading dsvy-element-miconheading-style-1 designervily-element-viewtype-row-column dsvy-infinite-scroll-no dsvy-infinite-scroll-button-no\" data-cpt=\"miconheading\" data-totalpagination=\"1\" data-style=\"1\" data-show=\"3\" data-columns=\"4\" data-loop=\"false\" data-autoplay=\"false\" data-center=\"false\" data-nav=\"false\" data-dots=\"false\" data-autoplayspeed=\"1000\" data-margin=\"\"><div class=\"designervily-element-inner\">\r\n\t\t<div class=\"dsvy-ele-header-area\">\r\n\t\t\t\t<div class=\"dsvy-heading-subheading -align \"><\/div>\t\t<\/div>\r\n\r\n\t\t<div class=\"dsvy-element-posts-wrapper row multi-columns-row\">\r\n\r\n\t\t<article class=\"dsvy-ele dsvy-ele-miconheading dsvy-miconheading-style-1 col-md-6 col-lg-3   \"><div class=\"dsvy-ihbox dsvy-ihbox-style-1\"><div class=\"dsvy-ihbox-box\">\r\n\t<div class=\"dsvy-ihbox-icon\"><div class=\"dsvy-ihbox-icon-wrapper\"><i class=\"dsvy-colza-icon dsvy-colza-icon-foreman\"><\/i><\/div><\/div>\t<div class=\"dsvy-ihbox-contents\">\r\n\t\t\t\t<h2 class=\"dsvy-element-title\">\r\n\t\t\t\t\t\t\t\r\n\t\t\t\t\t\t\t\tCompromiso \r\n\t\t\t\t\t\t\t\r\n\t\t\t\t\t\t\t<\/h2>\r\n\t\t\t\t\t\t\t\t\r\n\t\t<div class=\"dsvy-heading-desc\"><div style=\"text-align:justify\">Dedicaci\u00f3n para cumplir nuestras metas y brindar lo mejor en cada proyecto.<\/div><\/div>\t<\/div><!-- .dsvy-ihbox-contents -->\r\n\t<\/div>\r\n<\/div><\/article><article class=\"dsvy-ele dsvy-ele-miconheading dsvy-miconheading-style-1 col-md-6 col-lg-3   \"><div class=\"dsvy-ihbox dsvy-ihbox-style-1\"><div class=\"dsvy-ihbox-box\">\r\n\t<div class=\"dsvy-ihbox-icon\"><div class=\"dsvy-ihbox-icon-wrapper\"><i class=\"dsvy-colza-icon dsvy-colza-icon-wrench\"><\/i><\/div><\/div>\t<div class=\"dsvy-ihbox-contents\">\r\n\t\t\t\t<h2 class=\"dsvy-element-title\">\r\n\t\t\t\t\t\t\t\r\n\t\t\t\t\t\t\t\tTrabajo en equipo\r\n\t\t\t\t\t\t\t\r\n\t\t\t\t\t\t\t<\/h2>\r\n\t\t\t\t\t\t\t\t\r\n\t\t<div class=\"dsvy-heading-desc\"><div style=\"text-align:justify\">Colaboraci\u00f3n efectiva que nos impulsa a alcanzar resultados extraordinarios.<\/div><\/div>\t<\/div><!-- .dsvy-ihbox-contents -->\r\n\t<\/div>\r\n<\/div><\/article><article class=\"dsvy-ele dsvy-ele-miconheading dsvy-miconheading-style-1 col-md-6 col-lg-3   \"><div class=\"dsvy-ihbox dsvy-ihbox-style-1\"><div class=\"dsvy-ihbox-box\">\r\n\t<div class=\"dsvy-ihbox-icon\"><div class=\"dsvy-ihbox-icon-wrapper\"><i class=\"dsvy-colza-icon dsvy-colza-icon-guarantee\"><\/i><\/div><\/div>\t<div class=\"dsvy-ihbox-contents\">\r\n\t\t\t\t<h2 class=\"dsvy-element-title\">\r\n\t\t\t\t\t\t\t\r\n\t\t\t\t\t\t\t\tLealtad\r\n\t\t\t\t\t\t\t\r\n\t\t\t\t\t\t\t<\/h2>\r\n\t\t\t\t\t\t\t\t\r\n\t\t<div class=\"dsvy-heading-desc\"><div style=\"text-align:justify\">Fidelidad a nuestros socios, construyendo relaciones s\u00f3lidas.<\/div><\/div>\t<\/div><!-- .dsvy-ihbox-contents -->\r\n\t<\/div>\r\n<\/div><\/article><article class=\"dsvy-ele dsvy-ele-miconheading dsvy-miconheading-style-1 col-md-6 col-lg-3   \"><div class=\"dsvy-ihbox dsvy-ihbox-style-1\"><div class=\"dsvy-ihbox-box\">\r\n\t<div class=\"dsvy-ihbox-icon\"><div class=\"dsvy-ihbox-icon-wrapper\"><i class=\"dsvy-colza-icon dsvy-colza-icon-diamond\"><\/i><\/div><\/div>\t<div class=\"dsvy-ihbox-contents\">\r\n\t\t\t\t<h2 class=\"dsvy-element-title\">\r\n\t\t\t\t\t\t\t\r\n\t\t\t\t\t\t\t\tHonestidad\r\n\t\t\t\t\t\t\t\r\n\t\t\t\t\t\t\t<\/h2>\r\n\t\t\t\t\t\t\t\t\r\n\t\t<div class=\"dsvy-heading-desc\"><div style=\"text-align:justify\">Actuamos con transparencia y rectitud en cada acci\u00f3n y decisi\u00f3n.<\/div><\/div>\t<\/div><!-- .dsvy-ihbox-contents -->\r\n\t<\/div>\r\n<\/div><\/article><article class=\"dsvy-ele dsvy-ele-miconheading dsvy-miconheading-style-1 col-md-6 col-lg-3   \"><div class=\"dsvy-ihbox dsvy-ihbox-style-1\"><div class=\"dsvy-ihbox-box\">\r\n\t<div class=\"dsvy-ihbox-icon\"><div class=\"dsvy-ihbox-icon-wrapper\"><i class=\"dsvy-colza-icon dsvy-colza-icon-worker-3\"><\/i><\/div><\/div>\t<div class=\"dsvy-ihbox-contents\">\r\n\t\t\t\t<h2 class=\"dsvy-element-title\">\r\n\t\t\t\t\t\t\t\r\n\t\t\t\t\t\t\t\tPuntualidad\r\n\t\t\t\t\t\t\t\r\n\t\t\t\t\t\t\t<\/h2>\r\n\t\t\t\t\t\t\t\t\r\n\t\t<div class=\"dsvy-heading-desc\"><div style=\"text-align:justify\">Respetamos los tiempos y entregamos soluciones a tiempo.<\/div><\/div>\t<\/div><!-- .dsvy-ihbox-contents -->\r\n\t<\/div>\r\n<\/div><\/article><article class=\"dsvy-ele dsvy-ele-miconheading dsvy-miconheading-style-1 col-md-6 col-lg-3   \"><div class=\"dsvy-ihbox dsvy-ihbox-style-1\"><div class=\"dsvy-ihbox-box\">\r\n\t<div class=\"dsvy-ihbox-icon\"><div class=\"dsvy-ihbox-icon-wrapper\"><i class=\"dsvy-colza-icon dsvy-colza-icon-worker\"><\/i><\/div><\/div>\t<div class=\"dsvy-ihbox-contents\">\r\n\t\t\t\t<h2 class=\"dsvy-element-title\">\r\n\t\t\t\t\t\t\t\r\n\t\t\t\t\t\t\t\tSeguridad\r\n\t\t\t\t\t\t\t\r\n\t\t\t\t\t\t\t<\/h2>\r\n\t\t\t\t\t\t\t\t\r\n\t\t<div class=\"dsvy-heading-desc\"><div style=\"text-align:justify\">Priorizamos el bienestar con estrictas normas de seguridad e ISOS.<\/div>\n<\/div>\t<\/div><!-- .dsvy-ihbox-contents -->\r\n\t<\/div>\r\n<\/div><\/article><article class=\"dsvy-ele dsvy-ele-miconheading dsvy-miconheading-style-1 col-md-6 col-lg-3   \"><div class=\"dsvy-ihbox dsvy-ihbox-style-1\"><div class=\"dsvy-ihbox-box\">\r\n\t<div class=\"dsvy-ihbox-icon\"><div class=\"dsvy-ihbox-icon-wrapper\"><i class=\"dsvy-colza-icon dsvy-colza-icon-equipment\"><\/i><\/div><\/div>\t<div class=\"dsvy-ihbox-contents\">\r\n\t\t\t\t<h2 class=\"dsvy-element-title\">\r\n\t\t\t\t\t\t\t\r\n\t\t\t\t\t\t\t\tLiderazgo\r\n\t\t\t\t\t\t\t\r\n\t\t\t\t\t\t\t<\/h2>\r\n\t\t\t\t\t\t\t\t\r\n\t\t<div class=\"dsvy-heading-desc\"><div style=\"text-align:justify\">Impulsamos el crecimiento y la innovaci\u00f3n para marcar la diferencia.<\/div><\/div>\t<\/div><!-- .dsvy-ihbox-contents -->\r\n\t<\/div>\r\n<\/div><\/article><article class=\"dsvy-ele dsvy-ele-miconheading dsvy-miconheading-style-1 col-md-6 col-lg-3   \"><div class=\"dsvy-ihbox dsvy-ihbox-style-1\"><div class=\"dsvy-ihbox-box\">\r\n\t<div class=\"dsvy-ihbox-icon\"><div class=\"dsvy-ihbox-icon-wrapper\"><i class=\"dsvy-colza-icon dsvy-colza-icon-glassblowing\"><\/i><\/div><\/div>\t<div class=\"dsvy-ihbox-contents\">\r\n\t\t\t\t<h2 class=\"dsvy-element-title\">\r\n\t\t\t\t\t\t\t\r\n\t\t\t\t\t\t\t\tIntegridad\r\n\t\t\t\t\t\t\t\r\n\t\t\t\t\t\t\t<\/h2>\r\n\t\t\t\t\t\t\t\t\r\n\t\t<div class=\"dsvy-heading-desc\"><div style=\"text-align:justify\">Coherencia entre lo que decimos y hacemos, generando confianza.<\/div><\/div>\t<\/div><!-- .dsvy-ihbox-contents -->\r\n\t<\/div>\r\n<\/div><\/article>\r\n\t\t<\/div>\r\n\r\n\t\t<\/div><!-- .designervily-element-inner -->   <\/div><!-- .designervily-element -->  \t\t\t\t<\/div>\n\t\t\t\t<\/div>\n\t\t\t\t\t<\/div>\n\t\t<\/div>\n\t\t\t\t\t<\/div>\n\t\t<\/div>\n\t\t\t\t<\/div>\n\t\t","protected":false},"excerpt":{"rendered":"<p>SOLUCIONES EN ACERO Inkaferro Desde 2008, Inkaferro Per\u00fa S.A.C. brinda soluciones de acero para la construcci\u00f3n civil, trabajando junto a las m\u00e1s grandes constructoras y las m\u00e1s importantes distribuidoras en el Per\u00fa. Somos parte del grupo Monterrey (Bolivia), comercializamos productos de acero de la m\u00e1s alta calidad (ArcelorMittal) guiados por una filosof\u00eda mundial para producir acero seguro y sostenible. Llevamos soluciones garantizadas a Bolivia y Per\u00fa. + 400 Mil Toneladas[&hellip;]<\/p>\n","protected":false},"author":1,"featured_media":0,"parent":0,"menu_order":4,"comment_status":"closed","ping_status":"closed","template":"elementor_header_footer","meta":{"_acf_changed":false,"footnotes":""},"class_list":["post-87","page","type-page","status-publish","hentry"],"acf":[],"_links":{"self":[{"href":"https:\/\/inkaferro.com.pe\/test\/wp-json\/wp\/v2\/pages\/87","targetHints":{"allow":["GET"]}}],"collection":[{"href":"https:\/\/inkaferro.com.pe\/test\/wp-json\/wp\/v2\/pages"}],"about":[{"href":"https:\/\/inkaferro.com.pe\/test\/wp-json\/wp\/v2\/types\/page"}],"author":[{"embeddable":true,"href":"https:\/\/inkaferro.com.pe\/test\/wp-json\/wp\/v2\/users\/1"}],"replies":[{"embeddable":true,"href":"https:\/\/inkaferro.com.pe\/test\/wp-json\/wp\/v2\/comments?post=87"}],"version-history":[{"count":121,"href":"https:\/\/inkaferro.com.pe\/test\/wp-json\/wp\/v2\/pages\/87\/revisions"}],"predecessor-version":[{"id":1769,"href":"https:\/\/inkaferro.com.pe\/test\/wp-json\/wp\/v2\/pages\/87\/revisions\/1769"}],"wp:attachment":[{"href":"https:\/\/inkaferro.com.pe\/test\/wp-json\/wp\/v2\/media?parent=87"}],"curies":[{"name":"wp","href":"https:\/\/api.w.org\/{rel}","templated":true}]}}