{"id":85,"date":"2020-06-03T09:16:44","date_gmt":"2020-06-03T09:16:44","guid":{"rendered":"http:\/\/digicop.designervily.com\/demo1\/?page_id=12826"},"modified":"2025-07-17T16:51:21","modified_gmt":"2025-07-17T16:51:21","slug":"respaldo-arcelormittal","status":"publish","type":"page","link":"https:\/\/inkaferro.com.pe\/test\/respaldo-arcelormittal\/","title":{"rendered":"Respaldo ArcelorMittal"},"content":{"rendered":"\t\t<div data-elementor-type=\"wp-page\" data-elementor-id=\"85\" class=\"elementor elementor-85\" data-elementor-post-type=\"page\">\n\t\t\t\t\t\t<div class=\"elementor-section elementor-top-section elementor-element elementor-element-90764fc dsvy-bg-color-yes dsvy-elementor-bg-color-white elementor-section-stretched dsvy-icon-box-hover-effect dsvy-col-stretched-none dsvy-bg-color-over-image elementor-section-boxed elementor-section-height-default elementor-section-height-default\" data-id=\"90764fc\" data-element_type=\"section\" data-settings=\"{&quot;stretch_section&quot;:&quot;section-stretched&quot;}\">\n\t\t\t\t\t\t<div class=\"elementor-container elementor-column-gap-no\">\n\t\t\t\t\t<div class=\"elementor-column elementor-col-100 elementor-top-column elementor-element elementor-element-b7d3e91 dsvy-bg-color-over-image\" data-id=\"b7d3e91\" data-element_type=\"column\">\n\t\t\t<div class=\"elementor-widget-wrap elementor-element-populated\">\n\t\t\t\t\t\t<section class=\"elementor-section elementor-inner-section elementor-element elementor-element-232e9c0 dsvy-col-stretched-none dsvy-bg-color-over-image elementor-section-boxed elementor-section-height-default elementor-section-height-default\" data-id=\"232e9c0\" data-element_type=\"section\">\n\t\t\t\t\t\t<div class=\"elementor-container elementor-column-gap-no\">\n\t\t\t\t\t<div class=\"elementor-column elementor-col-100 elementor-inner-column elementor-element elementor-element-cc4d023 dsvy-bg-color-over-image\" data-id=\"cc4d023\" data-element_type=\"column\">\n\t\t\t<div class=\"elementor-widget-wrap elementor-element-populated\">\n\t\t\t\t\t\t<div class=\"elementor-element elementor-element-0324916 dce_masking-none elementor-widget elementor-widget-image\" data-id=\"0324916\" data-element_type=\"widget\" data-widget_type=\"image.default\">\n\t\t\t\t<div class=\"elementor-widget-container\">\n\t\t\t\t\t\t\t\t\t\t\t\t\t\t\t<img fetchpriority=\"high\" decoding=\"async\" width=\"360\" height=\"149\" src=\"https:\/\/inkaferro.com.pe\/test\/wp-content\/uploads\/2025\/04\/log-arcelorMittal-360x149-1.png\" class=\"attachment-large size-large wp-image-276\" alt=\"\" srcset=\"https:\/\/inkaferro.com.pe\/test\/wp-content\/uploads\/2025\/04\/log-arcelorMittal-360x149-1.png 360w, https:\/\/inkaferro.com.pe\/test\/wp-content\/uploads\/2025\/04\/log-arcelorMittal-360x149-1-300x124.png 300w\" sizes=\"(max-width: 360px) 100vw, 360px\" \/>\t\t\t\t\t\t\t\t\t\t\t\t\t\t\t<\/div>\n\t\t\t\t<\/div>\n\t\t\t\t<div class=\"elementor-element elementor-element-10fd672 elementor-widget elementor-widget-text-editor\" data-id=\"10fd672\" data-element_type=\"widget\" data-widget_type=\"text-editor.default\">\n\t\t\t\t<div class=\"elementor-widget-container\">\n\t\t\t\t\t\t\t\t\t<p><span style=\"color: #555759;\">Llevamos m\u00e1s de 16 a\u00f1os siendo aliados estrat\u00e9gicos de ArcelorMittal para brindar soluciones en acero a la construcci\u00f3n civil, ofreciendo barras corrugadas a las m\u00e1s grandes constructoras del pa\u00eds, contribuyendo al desarrollo del sector y de su gente.<\/span><\/p>\t\t\t\t\t\t\t\t<\/div>\n\t\t\t\t<\/div>\n\t\t\t\t\t<\/div>\n\t\t<\/div>\n\t\t\t\t\t<\/div>\n\t\t<\/section>\n\t\t\t\t<div class=\"elementor-element elementor-element-7209e25 dsvy-align-center elementor-widget elementor-widget-dsvy_heading\" data-id=\"7209e25\" data-element_type=\"widget\" data-widget_type=\"dsvy_heading.default\">\n\t\t\t\t<div class=\"elementor-widget-container\">\n\t\t\t\t\t\t<div class=\"dsvy-heading-subheading center-align dsvy-reverse-heading-yes\"><h2 class=\"dsvy-element-title\">\r\n\t\t\t\r\n\t\t\t\tArcelorMittal, nuestro aliado estrat\u00e9gico\r\n\t\t\t\r\n\t\t\t<\/h2>\r\n\t\t<\/div>\t\t\t\t<\/div>\n\t\t\t\t<\/div>\n\t\t\t\t<div class=\"elementor-element elementor-element-5eab77f dsvy-align-left elementor-widget elementor-widget-dsvy_multiple_icon_heading\" data-id=\"5eab77f\" data-element_type=\"widget\" data-widget_type=\"dsvy_multiple_icon_heading.default\">\n\t\t\t\t<div class=\"elementor-widget-container\">\n\t\t\t\t\t<div class=\"designervily-element designervily-element-miconheading dsvy-element-miconheading-style-1 designervily-element-viewtype-row-column dsvy-infinite-scroll-no dsvy-infinite-scroll-button-no\" data-cpt=\"miconheading\" data-totalpagination=\"1\" data-style=\"1\" data-show=\"3\" data-columns=\"3\" data-loop=\"false\" data-autoplay=\"false\" data-center=\"false\" data-nav=\"false\" data-dots=\"false\" data-autoplayspeed=\"1000\" data-margin=\"\"><div class=\"designervily-element-inner\">\r\n\t\t<div class=\"dsvy-ele-header-area\">\r\n\t\t\t\t<div class=\"dsvy-heading-subheading left-align \"><\/div>\t\t<\/div>\r\n\r\n\t\t<div class=\"dsvy-element-posts-wrapper row multi-columns-row\">\r\n\r\n\t\t<article class=\"dsvy-ele dsvy-ele-miconheading dsvy-miconheading-style-1 col-md-4   \"><div class=\"dsvy-ihbox dsvy-ihbox-style-1\"><div class=\"dsvy-ihbox-box\">\r\n\t<div class=\"dsvy-ihbox-icon\"><div class=\"dsvy-ihbox-icon-wrapper\"><i class=\"dsvy-colza-icon dsvy-colza-icon-guarantee\"><\/i><\/div><\/div>\t<div class=\"dsvy-ihbox-contents\">\r\n\t\t\t\t<h2 class=\"dsvy-element-title\">\r\n\t\t\t\t\t\t\t\r\n\t\t\t\t\t\t\t\tProductor mundial\r\n\t\t\t\t\t\t\t\r\n\t\t\t\t\t\t\t<\/h2>\r\n\t\t\t\t\t\t\t\t\r\n\t\t<div class=\"dsvy-heading-desc\"><div style=\"text-align:justify\">Es el principal sider\u00fargico y minero a escala mundial<\/div><\/div>\t<\/div><!-- .dsvy-ihbox-contents -->\r\n\t<\/div>\r\n<\/div><\/article><article class=\"dsvy-ele dsvy-ele-miconheading dsvy-miconheading-style-1 col-md-4   \"><div class=\"dsvy-ihbox dsvy-ihbox-style-1\"><div class=\"dsvy-ihbox-box\">\r\n\t<div class=\"dsvy-ihbox-icon\"><div class=\"dsvy-ihbox-icon-wrapper\"><i class=\"dsvy-colza-icon dsvy-colza-icon-location\"><\/i><\/div><\/div>\t<div class=\"dsvy-ihbox-contents\">\r\n\t\t\t\t<h2 class=\"dsvy-element-title\">\r\n\t\t\t\t\t\t\t\r\n\t\t\t\t\t\t\t\tPresencia global\r\n\t\t\t\t\t\t\t\r\n\t\t\t\t\t\t\t<\/h2>\r\n\t\t\t\t\t\t\t\t\r\n\t\t<div class=\"dsvy-heading-desc\"><div style=\"text-align:justify\">Est\u00e1 presente en 60 pa\u00edses y con una planilla de 210.000 empleados.<\/div><\/div>\t<\/div><!-- .dsvy-ihbox-contents -->\r\n\t<\/div>\r\n<\/div><\/article><article class=\"dsvy-ele dsvy-ele-miconheading dsvy-miconheading-style-1 col-md-4   \"><div class=\"dsvy-ihbox dsvy-ihbox-style-1\"><div class=\"dsvy-ihbox-box\">\r\n\t<div class=\"dsvy-ihbox-icon\"><div class=\"dsvy-ihbox-icon-wrapper\"><i class=\"dsvy-colza-icon dsvy-colza-icon-factory-2\"><\/i><\/div><\/div>\t<div class=\"dsvy-ihbox-contents\">\r\n\t\t\t\t<h2 class=\"dsvy-element-title\">\r\n\t\t\t\t\t\t\t\r\n\t\t\t\t\t\t\t\tCapacidad industrial\r\n\t\t\t\t\t\t\t\r\n\t\t\t\t\t\t\t<\/h2>\r\n\t\t\t\t\t\t\t\t\r\n\t\t<div class=\"dsvy-heading-desc\"><div style=\"text-align:justify\">Cuenta con instalaciones industriales en m\u00e1s de 18 pa\u00edses.<\/div><\/div>\t<\/div><!-- .dsvy-ihbox-contents -->\r\n\t<\/div>\r\n<\/div><\/article>\r\n\t\t<\/div>\r\n\r\n\t\t<\/div><!-- .designervily-element-inner -->   <\/div><!-- .designervily-element -->  \t\t\t\t<\/div>\n\t\t\t\t<\/div>\n\t\t\t\t<div class=\"elementor-element elementor-element-90e9d08 dsvy-align-left elementor-widget elementor-widget-dsvy_multiple_icon_heading\" data-id=\"90e9d08\" data-element_type=\"widget\" data-widget_type=\"dsvy_multiple_icon_heading.default\">\n\t\t\t\t<div class=\"elementor-widget-container\">\n\t\t\t\t\t<div class=\"designervily-element designervily-element-miconheading dsvy-element-miconheading-style-1 designervily-element-viewtype-row-column dsvy-infinite-scroll-no dsvy-infinite-scroll-button-no\" data-cpt=\"miconheading\" data-totalpagination=\"1\" data-style=\"1\" data-show=\"3\" data-columns=\"3\" data-loop=\"false\" data-autoplay=\"false\" data-center=\"false\" data-nav=\"false\" data-dots=\"false\" data-autoplayspeed=\"1000\" data-margin=\"\"><div class=\"designervily-element-inner\">\r\n\t\t<div class=\"dsvy-ele-header-area\">\r\n\t\t\t\t<div class=\"dsvy-heading-subheading left-align \"><\/div>\t\t<\/div>\r\n\r\n\t\t<div class=\"dsvy-element-posts-wrapper row multi-columns-row\">\r\n\r\n\t\t<article class=\"dsvy-ele dsvy-ele-miconheading dsvy-miconheading-style-1 col-md-4   \"><div class=\"dsvy-ihbox dsvy-ihbox-style-1\"><div class=\"dsvy-ihbox-box\">\r\n\t<div class=\"dsvy-ihbox-icon\"><div class=\"dsvy-ihbox-icon-wrapper\"><i class=\"dsvy-colza-icon dsvy-colza-icon-professional\"><\/i><\/div><\/div>\t<div class=\"dsvy-ihbox-contents\">\r\n\t\t\t\t<h2 class=\"dsvy-element-title\">\r\n\t\t\t\t\t\t\t\r\n\t\t\t\t\t\t\t\tL\u00edder global en producci\u00f3n\r\n\t\t\t\t\t\t\t\r\n\t\t\t\t\t\t\t<\/h2>\r\n\t\t\t\t\t\t\t\t\r\n\t\t<div class=\"dsvy-heading-desc\"><div style=\"text-align:justify\">Produce anualmente 114 millones de toneladas de acero a nivel mundial.<\/div><\/div>\t<\/div><!-- .dsvy-ihbox-contents -->\r\n\t<\/div>\r\n<\/div><\/article><article class=\"dsvy-ele dsvy-ele-miconheading dsvy-miconheading-style-1 col-md-4   \"><div class=\"dsvy-ihbox dsvy-ihbox-style-1\"><div class=\"dsvy-ihbox-box\">\r\n\t<div class=\"dsvy-ihbox-icon\"><div class=\"dsvy-ihbox-icon-wrapper\"><i class=\"dsvy-colza-icon dsvy-colza-icon-gear-2\"><\/i><\/div><\/div>\t<div class=\"dsvy-ihbox-contents\">\r\n\t\t\t\t<h2 class=\"dsvy-element-title\">\r\n\t\t\t\t\t\t\t\r\n\t\t\t\t\t\t\t\tDiversidad de mercados\r\n\t\t\t\t\t\t\t\r\n\t\t\t\t\t\t\t<\/h2>\r\n\t\t\t\t\t\t\t\t\r\n\t\t<div class=\"dsvy-heading-desc\"><div style=\"text-align:justify\">L\u00edder en el mercado global de acero: automotriz, construcci\u00f3n, accesorios y embales.<\/div><\/div>\t<\/div><!-- .dsvy-ihbox-contents -->\r\n\t<\/div>\r\n<\/div><\/article>\r\n\t\t<\/div>\r\n\r\n\t\t<\/div><!-- .designervily-element-inner -->   <\/div><!-- .designervily-element -->  \t\t\t\t<\/div>\n\t\t\t\t<\/div>\n\t\t\t\t\t<\/div>\n\t\t<\/div>\n\t\t\t\t\t<\/div>\n\t\t<\/div>\n\t\t\t\t<section class=\"elementor-section elementor-top-section elementor-element elementor-element-65e2a3a dsvy-bg-color-yes dsvy-elementor-bg-color-light elementor-section-stretched dsvy-col-stretched-none dsvy-bg-color-over-image elementor-section-boxed elementor-section-height-default elementor-section-height-default\" data-id=\"65e2a3a\" data-element_type=\"section\" data-settings=\"{&quot;stretch_section&quot;:&quot;section-stretched&quot;}\">\n\t\t\t\t\t\t<div class=\"elementor-container elementor-column-gap-no\">\n\t\t\t\t\t<div class=\"elementor-column elementor-col-100 elementor-top-column elementor-element elementor-element-222eccb dsvy-bg-color-over-image\" data-id=\"222eccb\" data-element_type=\"column\">\n\t\t\t<div class=\"elementor-widget-wrap elementor-element-populated\">\n\t\t\t\t\t\t<div class=\"elementor-element elementor-element-b0be13e dsvy-align-center elementor-widget elementor-widget-dsvy_heading\" data-id=\"b0be13e\" data-element_type=\"widget\" data-widget_type=\"dsvy_heading.default\">\n\t\t\t\t<div class=\"elementor-widget-container\">\n\t\t\t\t\t\t<div class=\"dsvy-heading-subheading center-align dsvy-reverse-heading-yes\"><h4 class=\"dsvy-element-subtitle\"><span>\r\n\t\t\t<\/span>\r\n\t\t\t\r\n\t\t\t\t\u00a1N\u00famero 1 en 5 regiones de 4 continentes!\r\n\t\t\t\r\n\t\t\t<\/h4>\r\n\t\t<h2 class=\"dsvy-element-title\">\r\n\t\t\t\r\n\t\t\t\tL\u00edder en los mayores mercados mundiales\r\n\t\t\t\r\n\t\t\t<\/h2>\r\n\t\t<\/div>\t\t\t\t<\/div>\n\t\t\t\t<\/div>\n\t\t\t\t<div class=\"elementor-element elementor-element-d923cca elementor-widget elementor-widget-progress\" data-id=\"d923cca\" data-element_type=\"widget\" data-widget_type=\"progress.default\">\n\t\t\t\t<div class=\"elementor-widget-container\">\n\t\t\t\t\t\t\t\t<span class=\"elementor-title\" id=\"elementor-progress-bar-d923cca\">\n\t\t\t\tL\u00edder en EE.UU\t\t\t<\/span>\n\t\t\n\t\t<div aria-labelledby=\"elementor-progress-bar-d923cca\" class=\"elementor-progress-wrapper\" role=\"progressbar\" aria-valuemin=\"0\" aria-valuemax=\"100\" aria-valuenow=\"24\" aria-valuetext=\"24% (Estimado de participaci\u00f3n)\">\n\t\t\t<div class=\"elementor-progress-bar\" data-max=\"24\">\n\t\t\t\t<span class=\"elementor-progress-text\">Estimado de participaci\u00f3n<\/span>\n\t\t\t\t\t\t\t\t\t<span class=\"elementor-progress-percentage\">24%<\/span>\n\t\t\t\t\t\t\t<\/div>\n\t\t<\/div>\n\t\t\t\t\t\t<\/div>\n\t\t\t\t<\/div>\n\t\t\t\t<div class=\"elementor-element elementor-element-e9e83b5 elementor-widget elementor-widget-progress\" data-id=\"e9e83b5\" data-element_type=\"widget\" data-widget_type=\"progress.default\">\n\t\t\t\t<div class=\"elementor-widget-container\">\n\t\t\t\t\t\t\t\t<span class=\"elementor-title\" id=\"elementor-progress-bar-e9e83b5\">\n\t\t\t\tN\u00ba1 En Europa\t\t\t<\/span>\n\t\t\n\t\t<div aria-labelledby=\"elementor-progress-bar-e9e83b5\" class=\"elementor-progress-wrapper\" role=\"progressbar\" aria-valuemin=\"0\" aria-valuemax=\"100\" aria-valuenow=\"23\" aria-valuetext=\"23% (Estimado de participaci\u00f3n)\">\n\t\t\t<div class=\"elementor-progress-bar\" data-max=\"23\">\n\t\t\t\t<span class=\"elementor-progress-text\">Estimado de participaci\u00f3n<\/span>\n\t\t\t\t\t\t\t\t\t<span class=\"elementor-progress-percentage\">23%<\/span>\n\t\t\t\t\t\t\t<\/div>\n\t\t<\/div>\n\t\t\t\t\t\t<\/div>\n\t\t\t\t<\/div>\n\t\t\t\t<div class=\"elementor-element elementor-element-4a7314a elementor-widget elementor-widget-progress\" data-id=\"4a7314a\" data-element_type=\"widget\" data-widget_type=\"progress.default\">\n\t\t\t\t<div class=\"elementor-widget-container\">\n\t\t\t\t\t\t\t\t<span class=\"elementor-title\" id=\"elementor-progress-bar-4a7314a\">\n\t\t\t\tProductor destacado en la CEI\t\t\t<\/span>\n\t\t\n\t\t<div aria-labelledby=\"elementor-progress-bar-4a7314a\" class=\"elementor-progress-wrapper\" role=\"progressbar\" aria-valuemin=\"0\" aria-valuemax=\"100\" aria-valuenow=\"11\" aria-valuetext=\"11% (Estimado de participaci\u00f3n)\">\n\t\t\t<div class=\"elementor-progress-bar\" data-max=\"11\">\n\t\t\t\t<span class=\"elementor-progress-text\">Estimado de participaci\u00f3n<\/span>\n\t\t\t\t\t\t\t\t\t<span class=\"elementor-progress-percentage\">11%<\/span>\n\t\t\t\t\t\t\t<\/div>\n\t\t<\/div>\n\t\t\t\t\t\t<\/div>\n\t\t\t\t<\/div>\n\t\t\t\t<div class=\"elementor-element elementor-element-6ae9f4e elementor-widget elementor-widget-progress\" data-id=\"6ae9f4e\" data-element_type=\"widget\" data-widget_type=\"progress.default\">\n\t\t\t\t<div class=\"elementor-widget-container\">\n\t\t\t\t\t\t\t\t<span class=\"elementor-title\" id=\"elementor-progress-bar-6ae9f4e\">\n\t\t\t\tL\u00edder en Sudam\u00e9rica\t\t\t<\/span>\n\t\t\n\t\t<div aria-labelledby=\"elementor-progress-bar-6ae9f4e\" class=\"elementor-progress-wrapper\" role=\"progressbar\" aria-valuemin=\"0\" aria-valuemax=\"100\" aria-valuenow=\"26\" aria-valuetext=\"26% (Estimado de participaci\u00f3n)\">\n\t\t\t<div class=\"elementor-progress-bar\" data-max=\"26\">\n\t\t\t\t<span class=\"elementor-progress-text\">Estimado de participaci\u00f3n<\/span>\n\t\t\t\t\t\t\t\t\t<span class=\"elementor-progress-percentage\">26%<\/span>\n\t\t\t\t\t\t\t<\/div>\n\t\t<\/div>\n\t\t\t\t\t\t<\/div>\n\t\t\t\t<\/div>\n\t\t\t\t<div class=\"elementor-element elementor-element-403ddd8 elementor-widget elementor-widget-progress\" data-id=\"403ddd8\" data-element_type=\"widget\" data-widget_type=\"progress.default\">\n\t\t\t\t<div class=\"elementor-widget-container\">\n\t\t\t\t\t\t\t\t<span class=\"elementor-title\" id=\"elementor-progress-bar-403ddd8\">\n\t\t\t\tL\u00edder en EE.UU\t\t\t<\/span>\n\t\t\n\t\t<div aria-labelledby=\"elementor-progress-bar-403ddd8\" class=\"elementor-progress-wrapper\" role=\"progressbar\" aria-valuemin=\"0\" aria-valuemax=\"100\" aria-valuenow=\"47\" aria-valuetext=\"47% (Estimado de participaci\u00f3n)\">\n\t\t\t<div class=\"elementor-progress-bar\" data-max=\"47\">\n\t\t\t\t<span class=\"elementor-progress-text\">Estimado de participaci\u00f3n<\/span>\n\t\t\t\t\t\t\t\t\t<span class=\"elementor-progress-percentage\">47%<\/span>\n\t\t\t\t\t\t\t<\/div>\n\t\t<\/div>\n\t\t\t\t\t\t<\/div>\n\t\t\t\t<\/div>\n\t\t\t\t\t<\/div>\n\t\t<\/div>\n\t\t\t\t\t<\/div>\n\t\t<\/section>\n\t\t\t\t<\/div>\n\t\t","protected":false},"excerpt":{"rendered":"<p>Llevamos m\u00e1s de 16 a\u00f1os siendo aliados estrat\u00e9gicos de ArcelorMittal para brindar soluciones en acero a la construcci\u00f3n civil, ofreciendo barras corrugadas a las m\u00e1s grandes constructoras del pa\u00eds, contribuyendo al desarrollo del sector y de su gente. ArcelorMittal, nuestro aliado estrat\u00e9gico Productor mundial Es el principal sider\u00fargico y minero a escala mundial Presencia global Est\u00e1 presente en 60 pa\u00edses y con una planilla de 210.000 empleados. Capacidad industrial Cuenta[&hellip;]<\/p>\n","protected":false},"author":1,"featured_media":0,"parent":0,"menu_order":6,"comment_status":"closed","ping_status":"closed","template":"","meta":{"_acf_changed":false,"footnotes":""},"class_list":["post-85","page","type-page","status-publish","hentry"],"acf":[],"_links":{"self":[{"href":"https:\/\/inkaferro.com.pe\/test\/wp-json\/wp\/v2\/pages\/85","targetHints":{"allow":["GET"]}}],"collection":[{"href":"https:\/\/inkaferro.com.pe\/test\/wp-json\/wp\/v2\/pages"}],"about":[{"href":"https:\/\/inkaferro.com.pe\/test\/wp-json\/wp\/v2\/types\/page"}],"author":[{"embeddable":true,"href":"https:\/\/inkaferro.com.pe\/test\/wp-json\/wp\/v2\/users\/1"}],"replies":[{"embeddable":true,"href":"https:\/\/inkaferro.com.pe\/test\/wp-json\/wp\/v2\/comments?post=85"}],"version-history":[{"count":55,"href":"https:\/\/inkaferro.com.pe\/test\/wp-json\/wp\/v2\/pages\/85\/revisions"}],"predecessor-version":[{"id":1629,"href":"https:\/\/inkaferro.com.pe\/test\/wp-json\/wp\/v2\/pages\/85\/revisions\/1629"}],"wp:attachment":[{"href":"https:\/\/inkaferro.com.pe\/test\/wp-json\/wp\/v2\/media?parent=85"}],"curies":[{"name":"wp","href":"https:\/\/api.w.org\/{rel}","templated":true}]}}